 + 1 = -5*u. Calculate p(u).
0
Let w = 79 + -82. Let d(x) = x + 8. Give d(w).
5
Let s(n) = -n**3 + 4*n**2 + 6*n - 6. Let r be ((-16)/(-20))/(4/10). Suppose y - 4 = -2*q, -8 - 4 = -r*q + 3*y. Let t be (-6)/2 - (-11 + q). Calculate s(t).
-1
Let k(g) = 2*g**2 - g + 9. Let j(v) = 4*v**2 - v + 14. Let y(l) = -3*j(l) + 5*k(l). Calculate y(-4).
-21
Let w = -260 - -260. Let t(p) be the first derivative of -p**2/2 + 3*p - 7. What is t(w)?
3
Let h(c) be the second derivative of -c**5/20 - 13*c**4/12 - 13*c**3/6 - 6*c**2 - 93*c. What is h(-12)?
0
Let n(w) = w**3 - 14*w**2 + 13*w + 3. Let d = -566 - -579. Determine n(d).
3
Let r(l) = -21*l - 12. Let y(j) = -2*j - 1. Let n(b) = r(b) - 12*y(b). What is n(3)?
9
Suppose -f = -0 + 1. Let p(a) = -a**3 + a. Let c be p(f). Let s(r) = -1 - 2 + r + r**2 + r**3 + 0. Give s(c).
-3
Let a(w) be the first derivative of -3*w**2 + 0*w - 1/4*w**4 - 2*w**3 + 9. Calculate a(-5).
5
Let s = -145 - -155. Let r(v) = v + 1. Calculate r(s).
11
Suppose -5*k = -3*p - 118, 3*p - 40 = -2*k + 6*p. Suppose k = -4*r + 6. Let o(i) = i - 9. Let u(y) = -2*y + 14. Let m(f) = 8*o(f) + 5*u(f). What is m(r)?
8
Let t(y) be the third derivative of y**4/12 + 13*y**3/6 - 306*y**2. Determine t(-11).
-9
Suppose 5*a = -3*n + 2, -2*n + 5*a + 26 = 2*n. Let y(h) = 3 - h - 11 + 16. Let k be y(n). Let o(r) = r**3 - 6*r**2 + 7*r - 4. Calculate o(k).
-8
Suppose 8*j = -g + 6*j, 5*j - 25 = 0. Let k(p) = 5*p + 14. Calculate k(g).
-36
Let x(d) be the third derivative of -d**4/12 + 11*d**3/2 + 10*d**2 - 4*d. Determine x(14).
5
Let f(t) = t + t**3 + 6*t + 0*t - 6*t**2 + 13 + 3*t - 3. What is f(5)?
35
Suppose 4*j + 31 = 5*u, 2*u - j + 3 = 13. Let f(c) = -u + 0*c - c - 2 + 3. Determine f(5).
-7
Suppose 0 = -0*g + 4*g + 3*g. Let o(p) = 3 - 7 - p + 0*p + g*p. Give o(-3).
-1
Let x(h) = h. Let g(d) = -4*d + 11. Let l(z) = g(z) + 3*x(z). Determine l(10).
1
Let h(t) be the first derivative of -t**4/4 + 2*t**3/3 + t**2 - 3*t - 645. Calculate h(-2).
9
Let u = -1 + -2. Let h(q) be the third derivative of -q**4/12 - 2*q**3/3 - 9*q**2. What is h(u)?
2
Let i(j) = 2*j - 11. Let q(f) = -11*f + 65. Let c(b) = -34*i(b) - 6*q(b). Let r be c(-7). Let a(n) = -n**3 - n**2 + n + 2. Give a(r).
4
Let r(z) = z**2 - 10*z + 16. Let p be r(8). Let k(j) = 2 - 8 + p*j + j + 4. Calculate k(7).
5
Let u(k) = -k + 7. Let i(d) = -d + 4. Let f(x) = 3*i(x) - 4*u(x). Give f(12).
-4
Let y(u) = 5*u**3 + 10*u**2 + 7*u + 4. Let m(f) = f**3 - 29 - 5*f - f - 5*f**3 - 9*f**2 + 26. Let p(l) = -6*m(l) - 5*y(l). Determine p(4).
2
Let j = 396 - 402. Let i(f) = -f - 1. What is i(j)?
5
Let n(x) = x**3 + 3*x**2 + x - 1. Suppose 5*m = -5*q - 270, -3*m - 105 = 2*q - 0*q. Let g = -60 - q. Give n(g).
-4
Let i(z) = z**2 - 15*z - 35. Let f be i(17). Let p(x) = 5*x**2 - 3*x - 3. Determine p(f).
5
Let d(t) = -165 + 5*t - 170 + 339. Let q(r) be the first derivative of -21*r**2/2 - 17*r + 2. Let x(v) = -9*d(v) - 2*q(v). Give x(-2).
4
Let r = -1 - -2. Let t be 2 + (r - (16 + -4)). Let u(x) = -x**2 - 9*x - 9. Determine u(t).
-9
Let b(w) = 9*w - 34. Let l(z) = -5*z + 17. Let r(u) = -3*b(u) - 5*l(u). Give r(7).
3
Suppose 8*r - 6*r = 38. Let k(n) = -r*n - 2 - 19*n - 19*n + 58*n. Give k(-5).
-7
Let d(s) = 0*s**2 - s - 8*s**2 - 6 + 4*s**2 - 2*s + 5*s**2. What is d(5)?
4
Suppose 12*h = 11*h + 2. Let x be ((3 + -27)/(-4))/h. Suppose 7 = -6*l + l + g, -4*l - x*g = -2. Let f(n) = 3*n**2 + n. Give f(l).
2
Let k = 9 - 2. Suppose -k*a = -2*a - 15. Let o(u) = -u**3 - 19 + 17 + 2*u**a - 3*u. Give o(-2).
-4
Let o(y) be the second derivative of -y**4/12 + 11*y**2/2 + 19*y. Let u be o(-4). Let b(n) = 8*n - n + n**2 + n + 5. Calculate b(u).
-10
Let a(b) = 14*b**3 - 2*b**2 + 6313*b - 6314*b - 52*b**3. Calculate a(-1).
37
Let v be 80/(-24)*(-6)/(-4). Let h(k) = -2*k + 216 + k + 0*k - 209. Determine h(v).
12
Let q be 3 + -10 + 4 + (13 - -1). Let o be (q - 1)*(-8)/(-16). Let f(l) = l**2 - 7*l - 2. Determine f(o).
-12
Let c(q) be the second derivative of -1/12*q**4 + 0 + 1/3*q**3 + 9*q - 2*q**2. Determine c(5).
-19
Let x(z) = z**2 + 5*z + 3. Suppose 5*k + 0*o - 43 = -4*o, k - o = 5. Suppose -k*b - 29 - 13 = 0. Give x(b).
9
Let x(f) = 1 + 5 + 2 + 4*f**2 - f + f**3 - 4. Let s(q) = 2*q**2 + 31*q - 21. Let l be s(-16). What is x(l)?
-16
Let p(d) = 2*d - 8. Let c be 4/(-6) + (-6)/(-9). Suppose -o + 2 = 2*u, -10 = -5*o - 10*u + 8*u. Suppose -3*m - 14 - 10 = -o*x, 2*x + 5*m + 8 = c. Give p(x).
4
Let p(v) be the first derivative of v**3 + 15 + 0*v**2 - 1/4*v**4 - 3*v. Let f(i) = i**3 - 4*i**2 + 2*i - 5. Let g be f(4). Calculate p(g).
-3
Let k(y) = y**2 + 2*y - 2 + 5*y - 2. Let q be 3/(54/(-16) - -3). What is k(q)?
4
Let m(k) = k**3 - k**2 - 2*k + 2. Let s be m(2). Let r be (-9)/3*s/(-3). Suppose -12 = -r*g - 0*g. Let n(q) = q**2 - 5*q + 2. Give n(g).
8
Let g(w) = -13183*w**3 + 2*w**2 - w - 7 + 10 + 13184*w**3. Calculate g(0).
3
Let b(p) = p**2 + 17*p - 1552 + 521 + 510 + 511. Determine b(-18).
8
Let m(x) be the third derivative of -x**6/120 + x**5/20 + 5*x**4/24 - x**3/6 + x**2. Suppose -195 + 31 = -41*r. Determine m(r).
3
Let c(x) be the second derivative of -x**5/10 + x**4 + x**3/3 - 4*x**2 + 287*x. Determine c(6).
4
Let x(s) = s + 13. Let f be x(-8). Suppose -2*r = -f*o + 1, -4*o - 3*r = o + 14. Let y = -4 + o. Let c(n) = n**3 + 4*n**2 - 5*n + 7. What is c(y)?
7
Let n(r) be the second derivative of r**4/12 + 5*r**3/6 - 9*r**2/2 - 94*r. What is n(-5)?
-9
Let d be (-90)/(-3)*4/12. Let f(t) = t - 2. Give f(d).
8
Suppose 3*t - 4*l + 0*l + 22 = 0, 0 = -3*t - l - 2. Let m = t + 0. Let s(y) = -7*y - 2. Calculate s(m).
12
Suppose -5*s - 148 + 153 = 0. Let q(y) = -10*y**3 + y**2 - y + 1. Give q(s).
-9
Let u = 322 + -219. Suppose -2*c + 8 = 4*s - 16, 0 = -4*c + 3*s + u. Let d = c + -26. Let m(v) = -v. Determine m(d).
4
Let m = 2 - 5. Let q(i) = i**2 - 3*i + 3. Let f(h) = -4*h**2 + 10*h - 9. Suppose -8 = -9*v + 13*v. Let y(b) = v*f(b) - 7*q(b). Determine y(m).
3
Let w(z) = z**3 + 21*z**2 - z - 408. Let u be w(-20). Let f(t) = t**3 - 14*t**2 + 25*t - 25. Give f(u).
-13
Suppose 210 = -4*x + 19*x. Let n(m) = -m**2 + 16*m - 19. What is n(x)?
9
Let u(c) be the first derivative of 1/4*c**4 + 4*c + 2*c**3 - 4 + 7/2*c**2. What is u(-5)?
-6
Let f(b) = b**3 + 4*b**2 + 3*b + 2. Let l(j) = j**3 - 4*j**2 + j - 2. Let w be l(4). Suppose 6 = w*s - 2. Let d be s/(-14) + 19/(-7). Give f(d).
2
Let u(q) be the first derivative of 1/4*q**4 - 1/2*q**2 + 1/3*q**3 - 5 - 4*q. Determine u(0).
-4
Let i(q) be the second derivative of -3*q**3/2 + q**2/2 - 101*q. What is i(1)?
-8
Let u(b) = 4*b**3 - 4*b**2 - b - 3. Let m(i) = 5*i**3 - 4*i**2 - i - 4. Let n(x) = 5*m(x) - 6*u(x). Calculate n(-4).
-6
Let n(f) = f**3 + 2*f**2. Let k be (7/(-28) - (-525)/20) + -1. Suppose 2*j + j - 66 = 0. Let a = j - k. Determine n(a).
-9
Let k(t) = t**2 - 3. Let o be k(3). Let z(v) = 18*v**2 - 14*v**2 + 2*v - o*v**2. Determine z(3).
-12
Let l(p) be the first derivative of p**3/3 - p**2/2 - 3*p + 64. What is l(-2)?
3
Let p(i) be the first derivative of i**5/30 + 4*i**3/3 - 8. Let a(c) be the third derivative of p(c). What is a(-1)?
-4
Let c(n) be the first derivative of -3*n**2 - 4*n - 1. Suppose 0 = 2*t + 2*s + 10, -3*t - 53*s + 49*s - 17 = 0. Determine c(t).
14
Let o(m) = -m**2 + 3*m + 20. Let i be o(-3). Let k(f) = -6*f + 10. What is k(i)?
-2
Let q(l) be the third derivative of -l**7/2520 - l**6/360 - l**5/30 + 11*l**4/24 + 14*l**2. Let j(v) be the second derivative of q(v). What is j(-3)?
-7
Let p(s) = -s**3 - 4*s**2 - 6*s - 3. Suppose 61*b = 40*b - 63. Give p(b).
6
Let k = 254 - 247. Let i(r) be the first derivative of -11*r - 1/3*r**3 + k - 1/2*r**2. Determine i(0).
-11
Let n(c) = c**3 - 6*c**2 + 2*c - 4. Let i(k) = -k**2 - 9*k + 12. Let s be i(-9). Suppose 4*p = 2*p - 3*l + s, 5*p - l - 30 = 0. Determine n(p).
8
Suppose 5*u = -27*u + 96. Let b(p) be the second derivative of 1/6*p**u - p**2 - 8*p + 0. What is b(4)?
2
Let s(z) = -z + 126 - 252 + 122. What is s(4)?
-8
Let z(x) = 17*x**3 - 30*x**2 - 19*x + 16. Let f(q) = 3*q**3 - 6*q**2 - 4*q + 3. Let m(i) = 11*f(i) - 2*z(i). Determine m(-5).
6
Let p(g) = -2*g + 4. Suppose 95 = -16*k - 65. Give p(k).
24
Let a(p) = 5*p + 6. Let q(s) = 6*s + 8. Let z(w) = 5*a(w) - 4*q(w). Determine z(11).
9
Let x(p) = -p**2 + 11*p - 8. Suppose 0 = 5*l + 5*z - 180, 184 - 4 = 5